Let x(r) = 2*r**2 - 68*r + 11. Give x(k).
11
Let t(z) = -3*z + 49. Suppose -1404 = -9*n - 4*n. Suppose 7*m - n = m. Let v be t(m). Let x(b) = -b**2 - b + 2. What is x(v)?
-18
Suppose -70*i + 478 + 681 = 319. Let l(c) be the third derivative of c**6/120 - 13*c**5/60 + 13*c**4/24 - c**3/6 - c**2. Give l(i).
11
Let v be -8*(2 - 154/56). Let t(k) = k - 1. Let r be t(3). Let z(y) = 1 + 5*y**2 + 9*y + r - y**3 - 2*y + 0*y. What is z(v)?
9
Let h(t) = -t**2 - 2*t - 10. Suppose 52*i = 53*i - 3*k + 14, 5*i + k = -38. Determine h(i).
-58
Let z = 398 - 390. Let x(t) = t**2 - 7*t + 12. Calculate x(z).
20
Let b be 542/(-5) + -1 + 6/(-10). Let m = 115 + b. Let l(i) = -i + 1. Calculate l(m).
-4
Let y(t) = t**2 + 24*t - 13. Suppose -4*l - 150 = 5*s, -5*l - 279 + 306 = -2*s. Give y(s).
39
Let v(l) be the second derivative of l**4/12 + 8*l**3/3 + 43*l**2/2 - 2679*l. Give v(-13).
4
Let u(n) = n**3 - 3*n**2 - 4*n + 5. Let w(o) = -6*o - 64. Let j be w(-14). Let x be j/(-90) - (-114)/27. Calculate u(x).
5
Let n be 12/(-22) + -1 + (-195)/(-55). Let z(p) = -p**3 - 10*p**2 + 22*p - 1. Let k be z(n). Let r(u) = u**2 + 2*u + 1. What is r(k)?
16
Let j(u) = -u**2 - 7*u + 5. Let p be j(-7). Suppose -p*t + 28 = 2*v, t + t - 28 = -5*v. Let d(f) = 26 - 20 + 0*f**2 - 4*f + f**2 - 2*f**2. Determine d(t).
-26
Let i(r) = r**2 - 28*r - 123. Suppose -3*c = 5*l - 181, -l - 1 = -5*c + 2. What is i(l)?
5
Let q(a) = -2*a - 9. Let h be (-51)/(-9) - -2*(-6)/(-9). Give q(h).
-23
Let y be (-1 - 0)*(2 - -2). Let x(j) = -j - 29. Let s(l) = l + 33. Let v(r) = 4*s(r) + 5*x(r). Calculate v(y).
-9
Let t(n) = n**2 - 8*n + 7. Suppose -5*l + 67*h = 71*h - 37, 4*h - 12 = 0. Let s be (l + 3 - -2)/2. Determine t(s).
-8
Let s(h) = 3*h**2 - 10*h - 438. Let u be s(14). Let r(d) = -5*d**3 + 51*d**2 - 12*d + 18. Give r(u).
-2
Let z(l) = -15*l + 21. Suppose 6*h - 11 = -5. Let s be z(h). Let u(b) = -b**2 + 5*b - 7. Give u(s).
-13
Let f(q) = q**2 - 4*q + 1. Let t = 4 + -3. Let k(i) = 0*i + 2148 + 4*i - 2147 - 2*i + 0*i. Let d be k(t). Calculate f(d).
-2
Let d(w) be the second derivative of -37*w**3/6 + 2*w**2 + 2301*w. Give d(-1).
41
Let p(g) = -g - 51. Suppose -76 = 2*y - f, 486*f = 482*f. Determine p(y).
-13
Let a(w) = -148 + 197*w + 196*w - 387*w. Give a(24).
-4
Suppose 0 = -3*f - 2*x - 8, 0*f + 3*x - 27 = 2*f. Let g be -6 + 90/12 - f/(-4). Let d(u) = -18 + u + 14 - 3*u + u. Give d(g).
-4
Let t(z) = -z**3 + 2*z**2 - 2*z + 5. Suppose -241*g + 64 = -209*g. Give t(g).
1
Let x = -27511/6 - -4586. Let n(f) be the second derivative of -x*f**3 + 16*f + 0 + f**2. Determine n(5).
-23
Suppose 3*y = -5*w - 8, 0 = -7*y + 2*y + 2*w - 34. Let a be (4 + y)/((-1)/2). Let i(q) = 2*q**2 - 6*q + 6. Determine i(a).
14
Suppose 4*g + 2*k = 66 - 20, 3*k = -g + 24. Let c(n) = 332 + 348 - 1004 + 337 - n. Give c(g).
4
Let r(z) = 1350 - 15*z - 3133 - z + 1253. Give r(-33).
-2
Let u(l) = 3*l**2 - 46*l + 65 - 30*l + 144*l - 45*l - l**2. Give u(-5).
0
Let r be ((-3)/(60/1784))/(2/5). Let x = -220 - r. Let f(v) = 2*v - 6. Let c(u) = u - 3. Let n(p) = 7*c(p) - 3*f(p). Calculate n(x).
0
Let b(w) be the first derivative of w**6/180 + w**5/30 + w**4/8 + 38*w**3 - 154. Let c(a) be the third derivative of b(a). Determine c(-5).
33
Let d = 10 - 6. Let n = d - 1. Let y(g) = 3 + 2*g - 2 - g**n - 1 + 5*g**2 + 1. Give y(5).
11
Let w(x) be the first derivative of -x**4/4 - 19*x**3/3 - 23*x**2/2 - 78*x + 2413. What is w(-18)?
12
Let a(d) be the first derivative of d**5/20 + d**3/3 + d**2/2 - 114*d + 111. Let u(i) be the first derivative of a(i). Calculate u(-2).
-11
Let h(y) = 3*y**3 + 7*y**2 - 4*y + 3. Let q(n) = -16*n**3 - 36*n**2 + 19*n - 16. Let w(j) = -11*h(j) - 2*q(j). What is w(-6)?
-1
Let s(h) = -h + 12. Let y(x) = 79*x - 227. Let b be y(3). Give s(b).
2
Let c(t) = -t**2 - t + 1. Let j(n) = -14*n**2 - 24*n + 8. Let b(o) = -6*o**2 - 12*o + 4. Let x(h) = -5*b(h) + 2*j(h). Let k(w) = 3*c(w) + x(w). Calculate k(7).
13
Suppose 0 = 3*w - 3*y - 48, 9 = y + 13. Let d(s) = -s**2 + 12*s - 15. Calculate d(w).
-15
Let g(o) = -o**3 - 12*o**2 + o + 1. Let h(a) = -a**3 - 10*a**2 - 26*a + 1. Let r be h(-4). Suppose -u + r - 21 = 0. Determine g(u).
-11
Let h(i) = 3*i - 2 + i + 3*i**2 - 5*i + 3*i. Let z be (-408)/(-476)*(-1)/((-3)/7). Give h(z).
14
Let l(p) be the third derivative of -p**7/420 + p**6/90 - p**5/60 - p**4/24 - 41*p**3/2 + 32*p**2 + p. Let o(k) be the first derivative of l(k). Determine o(2).
-5
Suppose -5*c + 32 = -4*b, 4 = -4*c + 3*b + 29. Let f(d) = -5 + 1 + 0*d + d**2 + 0 - 8*d. Calculate f(c).
-20
Let c(t) = -t**2 - 5*t + 2. Let v be 3 - ((-36)/4)/((-18)/24). Let b be v/27*-10 - (-4)/6. What is c(b)?
-34
Let s(q) be the second derivative of -164*q - 1/3*q**3 + 1/3*q**4 + 2*q**2 - 1/20*q**5 + 1. What is s(3)?
7
Let t be 1/(-4) - (-42)/8. Let n(k) = 2*k - 11. Let y be n(7). Let l(f) = 97*f - 196*f + f**2 + y + 92*f. What is l(t)?
-7
Let c(g) be the third derivative of g**5/60 + g**4/4 + 5*g**3/6 + g**2. Let x be c(-4). Let s(p) be the first derivative of 2*p**3/3 + p**2 + 3508. Give s(x).
12
Let b(d) = 5*d**2 - 12*d - 20. Let s(l) = 8*l**2 - 7*l - 17. Let n(x) = x**2 + x. Let u(w) = 4*n(w) - s(w). Let i(t) = 5*b(t) + 6*u(t). Give i(-5).
-3
Suppose h - 32 = -3*h - 4*z, 5*h - 76 = 4*z. Let i be h + 1 - (0 - 1)*1. Let f(t) = -19 - 3*t**3 + i + 2*t**3 + 6*t**2 - 5*t + 0*t**2. Determine f(5).
-5
Suppose -5*o = 3*r - 73, -21*o + 18*o - 3*r = -51. Let g(i) = -i - 21. What is g(o)?
-32
Let f(n) = n**2 - 10*n - 9. Let x(m) = 2*m**2 - 14*m - 12. Let g(u) = -5*f(u) + 3*x(u). Let d be (-10)/(-25) + (-32)/5. What is g(d)?
-3
Let k(l) be the first derivative of 0*l + 55 + 1/2*l**2 - 5/4*l**4 + 2/3*l**3. Suppose 4 = -j + 3. What is k(j)?
6
Let d(j) = 2*j**3 - j**2 + 1. Let y(x) = x**2 + 2*x - 55. Let a be y(-9). Suppose -4*t + a = -12*t. Determine d(t).
-2
Suppose -4*g + 2 = -2*g. Let p(k) = 2*k**2 + 259*k**3 - 268*k**3 + 2*k - 6*k**2 + 2*k**2 - 1. Determine p(g).
-10
Let w(a) = -9112*a - 2*a**3 - 10 + 18236*a - 9112*a + 10*a**2. Calculate w(5).
50
Let d(i) = i**2 - 2*i - 5. Suppose 3*r - 20 + 3 = 4*q, 18 = 4*r - 3*q. Suppose 0 = r*v + 15. Give d(v).
30
Let t(v) = -58 - 10 + 7*v**2 + 16 - v**3 - v**2 - 14*v + 12*v**2. Give t(17).
-1
Let m(t) = t**2 + 50*t + 136. Suppose -268*i - 498 - 9472 = 2626. Determine m(i).
-5
Let n = 25 + -13. Let q = 9 - n. Let p(c) be the second derivative of c**4/12 + 2*c**3/3 + c**2 + 32*c - 2. Give p(q).
-1
Let l(c) = -113*c**2 - 1 + 112*c**2 + 12*c + 30. Let v be l(14). Let s(t) = -209*t - 77. Let b(m) = 11*m + 4. Let d(p) = -77*b(p) - 4*s(p). Determine d(v).
-11
Let f(c) = -c**3 + 5*c**2 - 1. Let q(u) = -3 + 1 + 2*u - 16. Let p = -1031 - -1041. Let l be q(p). Give f(l).
11
Let m(c) = -2 - 2*c**3 + 3 - c**2 + 3*c**3. Suppose -10*y + 6*y - 6 = -2*f, 0 = 3*f + 5*y + 2. Calculate m(f).
1
Let z(q) = -8*q**3 - 3*q**2 - q**3 + 11*q**3. Suppose -5*n - 3*h = -28, -2*n - 90*h + 28 = -86*h. Give z(n).
4
Let g be 45/3 - (-8 - -17). Let m(r) = -r**2 + 20*r - 77. Give m(g).
7
Let y(q) = q**3 + 2*q**2 - 3*q - 1. Let k = 1303 + -1306. Give y(k).
-1
Let d(f) = 0*f**3 + 15 + 4580*f - 29*f**2 - f**3 - 2284*f - 2265*f. Give d(-30).
-15
Let q = 372 - 372. Suppose 20*z - 6*z - 98 = q. Let m(l) = 3*l - 24. Give m(z).
-3
Let x(k) = k**2 - 8*k + 9. Let g(w) = w**3 + 10*w**2 - 6*w - 1. Let q be g(1). Give x(q).
-7
Let a(u) be the first derivative of -u**3/3 + 2*u**2 - 4*u - 3587. Let o(k) = k**3 - 2*k**2 + 3*k - 2. Let w be o(2). Calculate a(w).
-4
Let j(h) = -13*h - 9. Let w(k) = -4*k - 3. Let o(l) = 2*j(l) - 7*w(l). Let n = -49 - -86. Let b = 41 - n. Give o(b).
11
Let m(n) = 6*n**3 + 12*n**2 + 8*n + 4. Let d(p) = p**3 + p**2 - 1. Let b be (30 - 32)/(3/((-9)/(-6))). Let l(y) = b*m(y) + 5*d(y). Calculate l(-6).
3
Let i(u) = 6*u + 39. Let z = -6323 + 6311. Determine i(z).
-33
Let j = -5 + 8. Let c be (-2)/(-3)*j + -5. Let n(h) = 8 - 8 + 9 - h - 13. What is n(c)?
-1
Suppose -17*u - 16 = -21*u. Suppose u*j = -5*g + 27 - 11, -5*j - 9 = -g. Let h(i) = -17*i**3 - i - 1. Give h(j).
17
Let z(g) = 10*g - 65. Let b = 22717 - 22708. Determine z(b).
25
Let i(t) = -t - 24. Let w be -2 + 6 + -4 + -6 + 16. Determine i(w).
-34
Let f(p) = 15*p + 132. Let s(x) = -31*x - 260. Let l(i) = -13*f(i) - 6*s(i). What is l(-18)?
6
Suppose -2*d + 2 = -2*o, 3*o = 4*o + 4*d - 2